{"id":532,"date":"2018-11-09T13:18:43","date_gmt":"2018-11-09T13:18:43","guid":{"rendered":"http:\/\/www.jornalnotiserra.com.br\/index.php\/iump-default-redirect-page\/"},"modified":"2018-11-11T18:56:50","modified_gmt":"2018-11-11T18:56:50","slug":"iump-default-redirect-page","status":"publish","type":"page","link":"https:\/\/www.jornalnotiserra.com.br\/index.php\/iump-default-redirect-page\/","title":{"rendered":"Sem Permiss\u00e3o"},"content":{"rendered":"<h3 style=\"text-align: center;\">Voc\u00ea n\u00e3o tem permiss\u00e3o para acessar esta P\u00e1gina.<br \/>\nPor favor entre em contato conosco.<\/h3>\n","protected":false},"excerpt":{"rendered":"<p>Voc\u00ea n\u00e3o tem permiss\u00e3o para acessar esta P\u00e1gina. Por favor entre em contato conosco.<\/p>\n","protected":false},"author":1,"featured_media":0,"parent":0,"menu_order":0,"comment_status":"closed","ping_status":"closed","template":"elementor_header_footer","meta":[],"_links":{"self":[{"href":"https:\/\/www.jornalnotiserra.com.br\/index.php\/wp-json\/wp\/v2\/pages\/532"}],"collection":[{"href":"https:\/\/www.jornalnotiserra.com.br\/index.php\/wp-json\/wp\/v2\/pages"}],"about":[{"href":"https:\/\/www.jornalnotiserra.com.br\/index.php\/wp-json\/wp\/v2\/types\/page"}],"author":[{"embeddable":true,"href":"https:\/\/www.jornalnotiserra.com.br\/index.php\/wp-json\/wp\/v2\/users\/1"}],"replies":[{"embeddable":true,"href":"https:\/\/www.jornalnotiserra.com.br\/index.php\/wp-json\/wp\/v2\/comments?post=532"}],"version-history":[{"count":2,"href":"https:\/\/www.jornalnotiserra.com.br\/index.php\/wp-json\/wp\/v2\/pages\/532\/revisions"}],"predecessor-version":[{"id":676,"href":"https:\/\/www.jornalnotiserra.com.br\/index.php\/wp-json\/wp\/v2\/pages\/532\/revisions\/676"}],"wp:attachment":[{"href":"https:\/\/www.jornalnotiserra.com.br\/index.php\/wp-json\/wp\/v2\/media?parent=532"}],"curies":[{"name":"wp","href":"https:\/\/api.w.org\/{rel}","templated":true}]}}